 (-260)/(-16) + 2/x. What is the highest common factor of l and 8?
8
Suppose -99*j + 60 + 39 = 0. What is the highest common divisor of 32 and j?
1
Let d(j) = -j**3 - 7*j**2 - 8*j + 12. Let y be d(-6). Calculate the highest common divisor of y and 36.
12
Let d be -1 - (-181 + 6/(-2)). Suppose -5*x - y + 715 = 0, -5*x + d = 2*y - 527. Calculate the greatest common factor of x and 36.
36
Suppose 0 = 6*y + 44 - 2474. What is the highest common factor of 162 and y?
81
Suppose h = -2*h + 408. What is the highest common divisor of h and 102?
34
Let a be 20/(-3)*(-1008)/70. Suppose -25 - 5 = -3*r. Let n = 2 + r. Calculate the greatest common factor of n and a.
12
Let g(y) = y**2 + 14*y + 16. Let u be g(-13). Let v be 1 - (-4 + u - -2). Suppose v = z - 17 - 5. Calculate the highest common divisor of z and 66.
22
Let r(c) = -16*c - 115. Let v be r(-19). What is the highest common divisor of v and 7?
7
Let a(y) = 2*y**2 + 6*y + 9. Let i be a(-3). Suppose -186 = 4*v - 3*n - 468, -3*v - 4*n + 224 = 0. Calculate the greatest common factor of v and i.
9
Let q be 507*(-4 + (-130)/(-15) + -4). Calculate the greatest common divisor of 2 and q.
2
Let l = 2611 - 2000. Calculate the greatest common divisor of l and 26.
13
Let s be (-12172)/(-6) + (-162)/243. What is the highest common factor of 156 and s?
156
Let m = 276 - 327. Let z = m + 155. Let c = 29 - 16. What is the highest common factor of z and c?
13
Suppose 0 = -3*a - 6, -a + 138 = 4*b - 100. Calculate the greatest common divisor of 84 and b.
12
Let p(g) = g - 1. Let u be p(6). Suppose 34 = 2*s + u*i, 3*s - 44 = -s - 4*i. Suppose 0 = 9*j - s*j - 350. Calculate the highest common divisor of 35 and j.
35
Let v(x) = -x + 6. Let g be v(3). Suppose 4*o - 2*h = -6 - 4, 0 = -4*o + g*h - 5. Let l = 8 - o. Calculate the highest common divisor of l and 13.
13
Let g(u) = -u**2 + 22*u + 60. Let q be g(25). Let s = q + 31. What is the greatest common factor of s and 112?
16
Let t(v) = v**3 + 19*v**2 - 6*v + 20. Let s(n) = n**3 + 1. Let b(y) = -3*s(y) + t(y). Let j be b(9). Calculate the greatest common divisor of 110 and j.
22
Let s(x) = -35*x + 136. Let i be s(0). What is the highest common factor of i and 112?
8
Let l be -3*(4 - ((-375)/9 + 0)). Let s = l - -203. Calculate the highest common divisor of 6 and s.
6
Suppose -2*s + s + 11 = -2*n, 4*s - 8 = -n. Suppose y - s*y + 56 = 0. Let i = 10 + -3. What is the greatest common factor of y and i?
7
Suppose -6*w - 75 - 435 = 0. Let f = w + 110. Calculate the highest common divisor of 50 and f.
25
Suppose 5*d - 695 = -3*i, -530 = -5*i + d + 591. What is the highest common divisor of i and 63?
9
Let w = -219 - -294. What is the greatest common factor of 135 and w?
15
Let d(o) = 4*o - 78 - 7*o + 81 + 12*o**2. Let y be d(2). Calculate the highest common factor of 75 and y.
15
Suppose -3*k - 2 = 5*b, -2*k + 3 = 3*b - 4*b. Suppose -f - 3 = n, 2*f + f = 2*n + 6. Let z = b - n. What is the greatest common factor of 8 and z?
2
Suppose 0 = -2*o + 5*y + 184, 0 = 2*o - 6*y + 4*y - 184. What is the highest common factor of o and 2?
2
Let o = 436 + -409. What is the highest common factor of 675 and o?
27
Suppose -73 = -7*i + 67. Let c be -3 - (-1 + -1 - i). What is the greatest common divisor of 152 and c?
19
Let h(j) = 2*j**2 + j + 2. Let c be h(0). Let a be 9/(-5 + c) + 6. What is the highest common divisor of 21 and a?
3
Suppose 5*y + 5*j - 40 - 15 = 0, 4*y + j = 50. Calculate the highest common divisor of y and 130.
13
Let g = 696 - 690. What is the greatest common divisor of g and 768?
6
Suppose 0*v - 5 = -v. Suppose 5*q = -0*q - 5*d - 5, -5*d - 25 = -5*q. Let c = 42 - q. What is the highest common divisor of c and v?
5
Suppose 4*b - 122 = -2*d - 94, 4*b - 4 = 0. Suppose -5*i = -4*i - 9. What is the greatest common factor of d and i?
3
Let h = 3746 - 2525. What is the highest common divisor of h and 66?
33
Let v(f) = -f**2 + 10*f - 14. Let l be v(8). Suppose -l*j + 2*k + 175 = -27, 2*j - 230 = -5*k. Calculate the greatest common divisor of 42 and j.
21
Suppose 5*q - 33 = -5*j + 102, -5*j - q = -147. What is the greatest common divisor of j and 30?
30
Let t = 2 - -4. Suppose w - 2*n = 21, -5*w + t*n - n = -110. Let b be (1 - 2) + w + 0. Calculate the highest common factor of b and 33.
11
Let g(q) = 3*q + 14. Let p be g(-6). Let z be p/(-10) - (-231)/35. What is the greatest common divisor of z and 28?
7
Let l = 15 + -13. Suppose -l*h + 51 = -5*k + 2*k, -k + 13 = h. What is the highest common divisor of 198 and h?
18
Suppose 3*g + 4*i = -118 + 1010, 5*i = 5*g - 1510. Calculate the highest common divisor of g and 135.
15
Let t be ((-81)/(-4))/((-19)/(-684)). Calculate the greatest common divisor of t and 18.
9
Suppose s + 31 = 4*o - o, o = -4*s - 7. Let l(y) = 2*y**2 - 12*y + 45. Let a be l(3). Calculate the greatest common factor of a and o.
9
Suppose 2*z = -3*z + 10, -5*f + 3*z = -4. Let n be ((-3)/(-2))/(24/32). Let a = f + n. Calculate the highest common factor of a and 4.
4
Suppose 3*i = 152 - 17. Suppose 6*c = 3*c + i. Calculate the highest common factor of c and 3.
3
Let y = 441 - 261. Calculate the greatest common factor of y and 40.
20
Suppose -4*m - 16 = 0, 4*l + 152 = -2*m + 5*m. Let y = l - -65. Calculate the greatest common factor of 16 and y.
8
Let b = 215 + -95. Let o be (8/(-4))/(4/(-94)). Suppose 0*j = -5*p - 2*j + 71, 3*p - j - o = 0. What is the greatest common factor of b and p?
15
Suppose 13*x + 27*x = 2880. What is the highest common factor of x and 168?
24
Let a(r) = -5*r + 14. Let m be a(4). Let v(t) = -9*t + 2. Let z be v(m). What is the highest common factor of z and 8?
8
Let m(k) = -k**2 + 3*k + 252. Let s be m(17). What is the greatest common divisor of 26 and s?
2
Let t be (5 + -4)/((-1)/(-44)). What is the greatest common factor of t and 341?
11
Let b(z) = -21*z**3 - 17*z**3 + 39*z**3 - 6*z + 1 - 3*z**2 - 3*z**2. Let c = -2 - -9. Let g be b(c). What is the greatest common factor of 24 and g?
8
Let n = 192 + -168. Calculate the greatest common divisor of 168 and n.
24
Suppose 7*n - 2*n = 5. Let a(k) = -k - 2. Let y be a(-4). Suppose 0 = h - 3*i - 18, -y*h + 7 = -2*i - 17. Calculate the greatest common factor of n and h.
1
Let v(x) = 13*x + 616. Let f be v(14). What is the greatest common divisor of 12 and f?
6
Let c(g) = -2*g**3 - 11*g**2 + 8*g - 3. Let x = 13 - 21. Let d be c(x). What is the highest common factor of 23 and d?
23
Let j(k) = -k. Suppose 0 = -c + 5*o - 3 + 4, -3*o - 3 = 0. Let q be j(c). Let u be (2 + (-3)/2)*q. What is the highest common divisor of 2 and u?
2
Let s = -1619 + 1627. Calculate the highest common factor of 104 and s.
8
Let w(m) = 13*m - 48. Let t be w(8). Let i(h) = h - 4. Let k be i(9). Let z = 2 + k. Calculate the highest common factor of t and z.
7
Let g = -41 + 129. Let j(s) = 2*s**2 + 10*s - 19. Let t be j(-8). Suppose 32*y - t*y = 33. Calculate the highest common divisor of g and y.
11
Let a = 1331 + -1250. Suppose 11 + 2 = -m - 5*d, 0 = -3*d - 9. Suppose 5*b + 18 = m*l, 4*l + 0*l - 3*b = 36. Calculate the highest common factor of l and a.
9
Suppose 0 = -40*k + 56*k - 144. What is the greatest common factor of 180 and k?
9
Suppose -16*n = -22*n + 3402. Calculate the highest common factor of n and 84.
21
Let p(c) = c + 3. Let y be p(-12). Let f be (y/(-6))/((-3)/(-112)). Calculate the highest common factor of f and 7.
7
Let s(d) = d**3 + 5*d**2 + 9. Let m be s(-5). What is the greatest common factor of m and 159?
3
Suppose 3*b - 144 - 324 = 0. Suppose b = 2*t + 36. What is the highest common divisor of t and 120?
60
Let s be ((-10)/15)/(-1*(-4)/(-24)). Calculate the greatest common divisor of 108 and s.
4
Let a be (16/(1 + 3))/((-4)/(-3)). Let k(i) = i**3 + i**2 + 4*i - 4. Let h be k(a). Calculate the greatest common divisor of h and 66.
22
Let m = 419 - 104. What is the greatest common factor of m and 18?
9
Suppose -5*i + 20 = u, i + i = 3*u + 8. Suppose 2*k - 19 = d, d - 29 = -i*k + 6*d. Suppose -13*q + k*q + 162 = 0. What is the highest common factor of q and 9?
9
Let g be ((2/(-1))/2)/(9/(-2709)). Let x = 4 - -39. What is the highest common factor of x and g?
43
Let i(u) = -7*u - 2. Let y be i(-1). Suppose 6 = 3*t - 54. What is the highest common divisor of t and y?
5
Let f = -50 - -95. Suppose -2*p - 2*p + 